t is the value of 10 + (8 + -26 - -9)?
1
Evaluate -6 - -8 - ((-8 - -21 - 20) + -25).
34
Evaluate (-339 - -334) + 10 + 0 - -16.
21
What is 34 + (-28 - -13 - (7 - 7))?
19
Calculate (-14 - 0) + (128 - 117) - 12.
-15
3 - (-10 - -8 - (-4 + -1 + 1))
1
6 - (-2 + 0 + 15 + -23 + 22)
-6
Calculate -65 + -25 + 63 + -6.
-33
What is (9 - 0) + 10 + -2 + 39 + -49?
7
What is the value of -12 + (3 + 41 - 26)?
6
What is the value of -8 + 6 - (-18 + 22)?
-6
What is -9 + (6 + -3 + 7 - -13)?
14
What is 2 + (5 - -1 - -10) + -12?
6
What is 10 - 5 - 11 - (31 - 36)?
-1
0 - ((6 - (3 + 1)) + (-21 - -23))
-4
What is the value of -37 + (0 - (-17 - 15))?
-5
Calculate -112 + 72 + -16 + 51.
-5
Evaluate -41 + (323 - 338 - (-28 + 1)).
-29
Calculate (84 - 145) + (10 - -28).
-23
What is (32 - 2) + 3 + -3 - 3?
27
Calculate (-23 - -15 - -17) + 8 + -2.
15
-5 - (-3 - (-3 + 3 + -6) - -2)
-10
-7 + (-7 - 28) + 24
-18
Calculate -2 - (-10 - (20 + -38)).
-10
Evaluate (-10 - (3 + -7)) + (-11 - -6).
-11
What is the value of (5 - 5) + -4 + 25?
21
What is (32 - 0) + -1 + -21?
10
Calculate 9 + -21 - (7 + 7 + -19).
-7
What is the value of (3 - 0) + -10 + 16 + -32 + 4?
-19
What is the value of 1 + -1 + -20 + 19?
-1
Evaluate -19 + 30 + 1 + (0 - -5).
17
What is 348 + -352 + 12 + 2 + 1?
11
Calculate (-3 - (-14 + -4 + -26)) + -16.
25
What is the value of -5 - ((4 - -5) + (-8 - -13) + -11)?
-8
Evaluate 12 + (12 - (15 - -11)).
-2
What is -37 + 35 + -15 + -6 + (2 - 6)?
-27
What is the value of -1 + -16 - -13 - -7 - (2 + 12)?
-11
What is (-11 - 4 - 3) + 27?
9
What is the value of 7 + (-2 - (-6 - (-6 - (4 + -4))))?
5
What is 0 - -5 - (-49 - -14 - -22)?
18
Evaluate 2 - -16 - (-14 + 60) - 6.
-34
Calculate 1 + -8 + -24 + -1 + 24 + 22.
14
Evaluate 8 + 2 - (-2 + 2 + 9).
1
What is 2 + 0 - 13 - (-197 - -193)?
-7
What is -1 - 29 - (17 - (-11 + 24))?
-34
Calculate (-7 - (-8 + 9)) + 23 + -7.
8
Evaluate 0 - ((15 - 6 - 17) + 5).
3
-10 + 7 - 2 - 6
-11
What is 5 + 5 - 3 - 7?
0
Calculate 2 + -6 - ((-11 - -13) + -9).
3
(-3 - (12 + -2)) + 190 + -190
-13
Evaluate 12 + (-8 - -10) + -36 + 11.
-11
Calculate 1 + (-7 - (-8 - -11)).
-9
What is the value of 7 + -17 - (-16 + (7 - (3 - 1)))?
1
Evaluate -16 + 0 + (-118 - -125).
-9
What is the value of (-16 - 5 - -11) + 0?
-10
Calculate 3 - -5 - ((0 - -4) + 5).
-1
Evaluate -31 - (-16 - (19 - 16)).
-12
What is (-4 - -15) + (-3 - (13 - -1))?
-6
What is -1 + (-3 - (-1 - (8 - 5)) - -2)?
2
Calculate (-4 - (0 - 0)) + 14.
10
(13 - (24 + -14)) + 10
13
What is 28 + (1 - (-9 + 20))?
18
Evaluate -1 + 8 + 52 + (-58 - -9).
10
Evaluate -31 - (13 - (38 + -9)).
-15
What is the value of 7 + -19 + (41 - 49)?
-20
What is (-11 - (15 + -30) - -5) + -5?
4
Evaluate 33 + (-1 + -6 - (-143 - -149)).
20
What is the value of 6 - -1 - (10 + -3)?
0
What is the value of 18 + (-16 + 1 - -1)?
4
What is the value of -6 - -1 - (5 - (1 - -9))?
0
What is the value of -10 + 2 + -26 + 11?
-23
Calculate -7 - -3 - (0 + -3 + (8 - 10)).
1
Evaluate 67 - 79 - (8 - 29).
9
(3 - 11) + (0 - 14) + 7
-15
What is the value of -2 + (-20 + 9 - -8) + 0 + 9?
4
What is the value of -226 - -224 - (-10 - (0 + 2))?
10
-23 - -11 - -12 - (-11 - -2)
9
What is the value of (3 + 6 - (22 - 16)) + 4 + 5?
12
3 + -7 + (-3 - -1 - (191 - 212))
15
Calculate -71 - (-23 - 22) - -51.
25
Calculate (9 - (5 + (5 - 4 - 0))) + -13.
-10
Calculate -8 + (-1 - -6) + -8.
-11
What is 451 + -453 + -2 + 1 + -1 + -3?
-7
Evaluate (-2 - 13) + 16 + -7 + 4.
-2
What is the value of 6 + 8 + (-54 - -54) + (-44 - -2)?
-28
What is (-714 - -744) + -1 + 0 + (0 - -2)?
31
What is the value of -10 - 1 - (-3 + -7)?
-1
5 - (8 - (4 - -16))
17
What is (11 + -14 - -16) + -1?
12
Evaluate 1 + 23 - (-2 + (2 - -8) + -14).
30
(-15 - (-46 + 11)) + 2 + -12
10
What is (-1 - 7 - (-7 + -5)) + 12?
16
What is 1 + 0 - ((-1 - 10) + -16 + 16)?
12
What is -5 + 0 + 6 - (-1 - 6 - -1)?
7
Calculate 1717 + -1726 + 0 + -1 + 24 + -2.
12
(-2 - 4) + 2 + -4 + -3 + -4
-15
What is the value of 37 + (246 + -253 - (3 + -1))?
28
What is the value of 5 + (-138 + 119 - (-6 - (1 + 1)))?
-6
Evaluate 783 - 802 - (-32 - -1).
12
Evaluate -2 + 8 + (4 - (34 - 24)).
0
11 - (-5 + (-1 - -22)) - (11 - 2)
-14
Evaluate 7 + 29 + -34 - (-1 - -9).
-6
What is (-21 - -1) + 79 + -108 + 16?
-33
What is -3 + (11 - (-3 - -5)) + -1 + 12?
17
Evaluate (1 + 3 + 15 + -13 - 21) + 3.
-12
Evaluate 26 + -18 + 2 - 27.
-17
Evaluate -170 + 120 + 2 + 33.
-15
Calculate (-14 - (-18 - 3)) + (2 + 11 - 2).
18
Evaluate (16 - (2 - ((5 - 5) + -6))) + -31.
-23
Evaluate 1 + 0 + (-5 - (11 - (-8 + 15))).
-8
What is the value of -7 - (-1 + (-8 - -10) - (-1 - -4))?
-5
4 - (-10 + 6 + 1) - (-1 + -1)
9
Calculate 7 + -43 + 27 + 9.
0
Calculate 15 + 0 - (-86 + 15 + 66).
20
What is 21 + -13 - (3 + -3) - (-2 - -33)?
-23
Evaluate 12 + (6 - (6 + -2 + 1)) - 4.
9
Calculate 40 - (7 - (-8 + -8 + 9) - 9).
35
What is the value of -4 - -6 - (-20 + -1) - -1?
24
What is the value of 7 + 14 + -13 + 0 - 2?
6
-43 + 13 + (-1 - -17)
-14
Calculate -29 + -41 + 29 + 37.
-4
What is -12 - (-6 + -14 - -16) - (-1 - 7)?
0
6 + (-59 - -59) + (2 - -1) + 1
10
38 - (60 - 47) - (2 + -2 + 2)
23
Calculate (17 + -1 + -7 - 1) + -17.
-9
Calculate 8 + (-13 - 1) - 3 - (8 - 2).
-15
(-2 - -4) + -11 - 21
-30
Calculate -2 + -6 - (29 - (29 + 6)).
-2
Calculate -10 + -13 + 14 - (-4 + -5).
0
What is 71 + -91 - (0 - 18)?
-2
Evaluate -5 - (-25 + (12 - 3) - -4).
7
Evaluate 12 + (28 - 19 - 3).
18
Calculate (-55 - -51) + (1 - 4) + 1.
-6
Evaluate 0 + (12 - -6) + (5 - -2 - 10).
15
Evaluate (-10 - -1) + (8 - 9) - (0 + 0).
-10
16 + -7 + 1 + 1 + (0 - -5)
16
Calculate -2 - (3 - -2) - (82 + -81).
-8
What is 16 - ((24 - 10) + -7 + 0)?
9
What is 0 - (7 + 6) - -22?
9
Evaluate ((7 - -7) + -5 + -4 - -6) + 9.
20
Evaluate 303 - 301 - (17 - 1).
-14
Evaluate -10 + (-13 - -13) + (-5 - (0 - 2)).
-13
What is the value of 2 + 0 + 12 + 30 + -50?
-6
Evaluate 1 - -8 - (-2 + (-9 + 13 - -8)).
-1
Calculate 1 + -9 + (-5 - -5) + 6 + 1.
-1
Evaluate -8 + 23 - (0 - -12).
3
What is the value of 11 + 1 + 214 + -238?
-12
Calculate 4 + -22 + 6 + 6 + 1.
-5
What is the value of 11 + (-9 - -2) + 1 + 0 - 0?
5
What is the value of 3 - 20 - (1 - (18 + -6)) - 21?
-27
Evaluate -2 + (2 - 4) - (1 - 9 - -2).
2
What is the value of 5 + 3 + -7 + -7 + 2 - 0?
-4
What is 15 - ((13 - (34 + -4)) + 14)?
18
13 + (4 - (11 + 2)) + 9
13
What is the value of -4 - -1 - (-9 - -4) - 7?
-5
What is the value of 7 + -4 - 17 - (-3 + -1) - -6?
-4
-1 + 7 + (-9 - (2 + -19)) - 0
14
(4 - 1) + 2 + -12 + 1
-6
What is -1 - (23 + -14 + -12)?
2
What is the value of -1 + -9 + 3 - (-7 + -8)?
8
Evaluate 1361 + -1354 + (18 - -1).
26
Evaluate (-10 - -11) + -2 + 9.
8
-1 + (10 - (19 + -4) - (2 + -3))
-5
What is (0 - -11) + 1 + (-53 - (10 - 58))?
7
What is the value of (-14 - 0) + (-18 - -20)?
-12
8 - ((-2 - -9) + (-10 - -11 - 15))
15
Evaluate 4 + (-12 - -18) + 0 - 4.
6
What is the value of 2 + -6 + 8 + -10 + (11 - -4)?
9
(-1 - (-5 - (-1 - -7))) + (-5 - -15)
20
What is -14 + 1 + 12 + (1 - 1 - 1)?
-2
What is -11 - (9 + (-31 - -8 - -9))?
-6
What is 9 - (0 + 13 + -8)?
4
1 - -5 - (-19 + 16)
9
-7 + 4 + 9 + 6 + -5 + 5
12
Evaluate -9 + 15 + -5 + -17.
-16
What is -71 - -68 - (2 + (-16 - -2))?
9
What is the value of (-2 - -2) + -10 - (-146 + 139)?
-3
What is the value of -6 - 0 - (1 - (-27 - -38))?
4
What is 2 + (-4 + -11 - 6 - -12)?
-7
What is the value of (-1 + -14 - -8) + -3?
-10
Calculate (19 - (1 - -28)) + -8.
-18
What is 358 + -392 - (2 + -24)?
-12
9 + 13 + -14 + -18
-10
What is 7 - (-38 - (-23 + -52))?
-30
Evaluate (-8 - -5 - -20) + 4 + -14.
7
What is -21 + 28 + -15 + -4?
-12
What is 9 + (9 + -2 - 8 - 4) - -1?
5
Evaluate -2 + (-4 + 8 + 3 - 13).
-8
What is the value of (-23 + 44 - 20) + (18 - 1)?
18
(-16 - (12 + -22) - (27 - -4)) + -1
-38
What is (-12 + -3 - -10) + -3 + 7 + -2?
-3
What is the value of -2 - 1 - (-2 - -1 - 3)?
1
Evaluate -29 + (5 - (18 - 22)).
-20
(5 + -2 - 3) + 24 + -24
0
What is -27 - (93 + -88 - (-2 - (-1 - 6)))?
-27
Calculate -73 - -57 - (-5 + 4).
-15
Calculate -2 + 0 + 2 + 0 - (329 - 326).
-3
1 - 1 - (3 + -1) - (-181 - -175)
4
Evaluate (-6 - -9 - 2) + 29 + -15.
15
(-2 - -13) + (3 - 10 - -9)
13
Evaluate 11 + (13 - (-9 - -44)).
-11
Evaluate 7 + 5 + (1 + 3 - 3) + 0.
13
What is -13 + (-7 - -5) + 2?
-13
What is (-93 - -128) + (-14 - 30)?
-9
-19 + -31 + 24 - -60
34
Calculate -8 - -11 - -5 - 9.